 i(y) + 2*o(y). Calculate z(6).
-1
Let c(k) = -3*k**3 + 11*k**2 + 10*k + 51. Let r(j) = 13*j**3 - 44*j**2 - 41*j - 200. Let i(s) = 17*c(s) + 4*r(s). Give i(-11).
1
Suppose 6 = -9*o + 42. Let z(x) = o - 10*x**2 - 6*x - 3 + 11*x**2 - 7 + 1. Give z(-4).
35
Let f(c) be the third derivative of c**5/60 - 7*c**4/12 + 17*c**3/6 + 241*c**2 - 1. Calculate f(11).
-16
Let r(i) be the second derivative of -3*i**5/20 + i**4/6 - i**3/3 + i**2 - 3*i - 15. Calculate r(2).
-18
Let n(j) = 21*j - 12. Suppose 2*g = 4*y, 10*g - 8*g + 4*y + 8 = 0. Calculate n(g).
-54
Let f(r) be the third derivative of 7*r**4/12 - 19*r**3/6 + 3743*r**2. Calculate f(6).
65
Let z(n) = -103 - 33*n - 709*n**2 + 355*n**2 + 355*n**2. Determine z(36).
5
Let a(c) = 4*c - 3. Let t = 59 + -25. Suppose 52 = 2*z + 5*f, t + 14 = 2*z + 4*f. Suppose -z = 7*q - 11*q. Calculate a(q).
13
Let v(q) = q - 1. Suppose 3*f - 12 = -f, -5*m = -4*f - 3. Let s(g) = g**3 + 6*g**2 - 9*g - 11. Let l be s(-7). Suppose 0*h + l*h = m. Calculate v(h).
0
Let u(g) = -161*g - 52. Let l be u(-2). Let b = l + -271. Let j(c) = -23*c**3 + c**2 - 1. Calculate j(b).
23
Let u = 2071 - 2072. Let x(w) = 8*w**3 - 2*w**2 - 3*w - 1. What is x(u)?
-8
Suppose -4*m = -4*i - 7*m - 15, -3*i - 3*m - 15 = 0. Let o(v) be the first derivative of v**3/3 + v**2 + 5*v + 791. Determine o(i).
5
Let v(n) = n + 3. Let c be -1*(32 + -12 + -2). Calculate v(c).
-15
Let d(o) = -o**2 + 18*o + 5. Let w(u) = -u**2 + 19*u + 4. Let f(m) = -6*d(m) + 5*w(m). Give f(13).
-10
Let i be 1/(-2) + (-39)/(-6). Suppose 2*t + 13 = 23. Let n(c) = 6*c**3 - 5*c**3 - 3*c - 3 - 4*c - t*c**2 + c. Calculate n(i).
-3
Let c(q) be the second derivative of 0 - 1/3*q**3 + 7/2*q**2 - 175*q - 2/3*q**4 + 1/20*q**5. Give c(8).
-9
Suppose -u + 21 = -5*v, -3*u - 4*v = -0*v - 44. Let n(d) = d - 17. Let c be n(u). Let i(a) = -10*a - 603 + 2*a + 604. What is i(c)?
9
Let n(r) = r + 8. Let c be (2 + -24)/(17/(119/(-14))). Suppose -3*x + 4*k = 38, -3*x - 32 = -5*k + c. Give n(x).
2
Let a(b) = -24*b + 154. Let i be 3148/2361*18/4. Give a(i).
10
Let v(r) be the third derivative of -r**5/60 + 7*r**4/24 + 19*r**3/3 - 1679*r**2. Give v(11).
-6
Let g = 5497/21972 + -1/5493. Let j(b) be the first derivative of 7/3*b**3 + 20 + g*b**4 + 6*b - 3*b**2. Calculate j(-8).
-10
Let d(j) = -2*j**2 - 12*j - 1. Let i be d(-6). Let z be (-7 - i)/(52/(-78)). Let y(k) = -2*k - 11. What is y(z)?
-29
Let a(h) be the second derivative of -20*h + 1/60*h**5 - 7/2*h**2 + 0 - 5/6*h**3 - 1/6*h**4. Let w(z) be the first derivative of a(z). Give w(4).
-5
Let q(j) be the second derivative of 16 + 1/12*j**4 - 1/6*j**3 - j**2 + j. What is q(-3)?
10
Let q(w) = 10*w**2 - 140*w - 3. Let h be q(14). Let f(d) = 12*d**2 + 4*d + 5. Give f(h).
101
Let q(m) = -4*m + 20. Let r be (-1241)/(-365) - 13/(-5). Calculate q(r).
-4
Suppose 0 = 24*p - 17*p + 55*p. Let j(a) = -a**3 - 2*a**2 + a + 2. Determine j(p).
2
Let p(j) be the second derivative of j**4/12 + 7*j**3/6 + 3*j**2 + 7*j - 1. Let w = 26 - 19. Let z(u) = -u**3 + 8*u**2 - 8*u. Let l be z(w). Give p(l).
6
Let r(y) = 5*y + 26958 - 53905 + 26957. Determine r(-12).
-50
Let w be 1/(-1 - (2 + -2)). Let g(s) be the third derivative of 13*s**5/120 - 17*s**3/3 + 18*s**2 - 1. Let r(k) be the first derivative of g(k). Calculate r(w).
-13
Let x(l) be the third derivative of -5*l**4/24 + l**3/3 + 97742*l**2. Let r = 18 - 13. Let h be 4/6*(-2 + r). What is x(h)?
-8
Let l(v) = v**2 - 4*v + 1. Let h(j) = j**3 - j**2 - j - 4. Let q be h(-3). Let t be 1652/280 + 2/20 + -40. Let i = t - q. Determine l(i).
-2
Let j(b) = b**2 - 12. Suppose 3*n - n = -64. Let q(i) = 5*i + 67. Let d be q(-7). Let a = n + d. Calculate j(a).
-12
Let r(s) be the first derivative of -s**3/3 + 3*s**2 - 9*s - 431. Suppose k - 20 = -3*k. What is r(k)?
-4
Suppose 23*r - 48 + 2 = 0. Let b(m) = r*m + 3 - 5*m + 9*m - 4*m + 6. Determine b(-6).
-3
Let m(n) = -18*n + 5. Let g(s) = 4 + 15*s + 6 - 16 + 2. Let c(j) = -3*g(j) - 2*m(j). Determine c(1).
-7
Suppose x = 2*h - 16 + 11, 3*x = 5*h - 10. Let t(z) = -z**3 + 6*z**2 - 15*z + 47. Determine t(x).
-3
Let r(b) = b**2 - 10*b + 2. Let j(a) = 9*a**2 - 83*a + 20. Let p(w) = -j(w) + 6*r(w). What is p(5)?
32
Let f(l) = 10*l**3 - l**2 + 4*l - 3. Suppose -4*k = 2*h - 4, 135*k - 130*k + h = 8. Calculate f(k).
81
Let j(g) = -368*g - 432. Let t(r) = 131*r + 145. Let w(h) = 5*j(h) + 14*t(h). What is w(-20)?
-10
Let y(u) = -u + 8. Let s(i) = -5*i + 10. Suppose -5*k - 20 - 10 = 0. Let x(b) = 4*b - 9. Let f(v) = k*x(v) - 5*s(v). Let d be f(2). Calculate y(d).
2
Let r(j) = -4*j + 4. Let h(z) = z**2 + 10*z - 152. Let p be h(8). Calculate r(p).
36
Let f(r) = -r**3 + r**2 + 3*r + 2. Let u(a) = -19*a + 17*a - 4 + 3 + 7. Let v be u(4). Let c be 2 + v - (-6 + 3). What is f(c)?
-7
Let k(b) = -4*b + 756 + b**3 - 751 + 2*b - 20*b**2. Calculate k(20).
-35
Let t(z) = -4*z - 13. Let m(v) = 3*v + 11. Let s(x) = 5*m(x) + 4*t(x). Let g(u) = -u**2 + 18*u - 17. Let j be g(17). Let y = j - -6. What is s(y)?
-3
Suppose -g = -b + 52 + 43, 0 = 3*g - 4*b + 287. Let i be g/33 + (-2)/11. Let t(d) = 6*d + 0*d**3 + 4 - d - 2*d**2 - d**3. Determine t(i).
-2
Let y be 16/80*(-3)/(6/(-10)). Let j = -5 + y. Let p(o) = -3*o + 4. Give p(j).
16
Let u be -7*1*(-1 - -2). Let f(a) = -7*a - 8*a + a + 17*a - 4*a + 3083 - 3091. What is f(u)?
-1
Suppose -3*r = 5*o + 5, 17*r - 13*r - o - 1 = 0. Let h(s) = -4*s - 53. What is h(r)?
-53
Let a(u) be the first derivative of -103 + 45*u + 41*u + 2*u**2 - 123*u + 39*u. What is a(-2)?
-6
Suppose -2*z + 7*z + 2*d - 24 = 0, 5*z - 28 = -4*d. Let j(m) be the second derivative of 0*m**3 + 0 + 0*m**2 + 1/12*m**z + 30*m. Determine j(1).
1
Let h(t) = t**3 + 22*t**2 + 4*t + 46. Let q(v) = -v**3 - 19*v**2 - 3*v - 38. Let m(r) = -4*h(r) - 5*q(r). Let b = 0 + -7. Determine m(b).
13
Suppose 0 = -2*t + 11 - 3, 4*y - 4*t = 0. Let q(g) = -1 + g - 8*g + 10*g - 2*g - 2*g. Calculate q(y).
-5
Suppose 35 = 11*m + 13. Suppose 136 = -6*g - m*g. Let a = 21 + g. Let y(i) = i - 8. Give y(a).
-4
Suppose -19 = -0*f + 4*f - 5*p, 2*f + 3*p - 7 = 0. Let s = 1 - f. Let d(c) = -14*c - 6*c + c**s + 28*c - 9*c + 2. Give d(3).
8
Let n(h) = -h - 1. Suppose 0 = 2*f - 3 - 5. Suppose 0 = f*g + 5*s - 33, 3*g - 4*s + 22 = 4*g. Suppose -5*v - 17 = 2*l, 0 = 2*l + v - 1 - g. Determine n(l).
-5
Let i = -4 + 8. Let d(g) be the second derivative of -g**4/6 + 4*g**3/3 - g**2 + 80671*g. What is d(i)?
-2
Let x(c) = -10*c - 11165 - 11153 - 11155 + 33492. Give x(0).
19
Let v(z) be the third derivative of -1/120*z**6 + 38*z**2 + 0*z + 1/60*z**5 - 1/6*z**3 + 1/12*z**4 + 0. Calculate v(2).
-1
Let j(o) = 6*o**2 - 33*o - 12. Let l(c) = -15*c**2 + 229*c + 182. Let x be l(16). Give j(x).
6
Let t(n) = -n**3 + n**2 + n - 12. Let l = 37 - 43. Let v(f) = f**3 + 10*f**2 + 16*f + 10. Let p be v(l). Suppose 0 = p*w - 53*w. Determine t(w).
-12
Let w(r) be the first derivative of 0*r**2 + 0*r + 15 - 1/60*r**5 + 11/3*r**3 + 1/24*r**4 + 1/360*r**6. Let p(o) be the third derivative of w(o). What is p(-3)?
16
Suppose 0 = 4*r - 2*d - 78, 4*d - 3*d = 5*r - 99. Suppose -n - 2*l + 49 = 4*n, r = n - 3*l. Suppose 0 = 2*f + 25 - n. Let k(g) = g**2 + 5*g - 3. Give k(f).
11
Let c(q) be the second derivative of 8*q**3/3 + 4*q. Suppose -33 = -8*k + 13*k - o, k - o + 9 = 0. Let y(d) = -d. Let t(w) = k*y(w) - c(w). Calculate t(-1).
10
Let j(w) = -3*w**3 - 5*w**2 + 22*w - 4. Let z = 893 + -891. Let y be j(z). Let q(l) = l**3 + l**2 - 4*l - 3. Give q(y).
-35
Let p(x) = 17 + 38038*x - 76067*x + 38038*x + 30. Determine p(-5).
2
Let w(s) = 744*s - 1 + 742*s - 1487*s + 2. Let z(r) = 2. Let l(k) = -3*w(k) + 3*z(k). What is l(3)?
12
Suppose -4*x - b = 33, -4*x + 5*b - 42 = 3*b. Let g = 13 + x. Let i(v) = 3 - 4160*v - 5 + v**2 + 4158*v. Calculate i(g).
6
Let q(k) = -41*k + 615. Let u be q(15). Let i = -3 - -10. Let z(m) = 4*m**2 + 4*m**2 - i*m**2 - m. Give z(u).
0
Let s(r) = -2*r + 5. Let y(k) = -6*k - 38. Let c be y(-15). Let l = c - 86. Let v = -29 - l. What is s(v)?
-5
Let g(i) = 2*i**2 + 15 + 5044*i**3 - 10118*i**3 + 5073*i**3 - 2*i. Calculate g(3).
0
Let j be 2/(-6)*(-30)/2. Let r(o) = 0*o - j + 0*o - o + 0. Calculate r(-5).
0
Suppose 29*o + 61 - 3 = 0. Let f(v) = v**2 + v + 1. Let w(q) = -5*q**2 - 4*q - 1. Let g(m) = -4*f(m) - w(m). Calculate g(o).
1
Suppose 5*c + 2 = -3*p, 0 = -0*c